ase 13) to base 6
12
2 (base 14) to base 11
2
255 (base 10) to base 12
193
-100 (base 3) to base 16
-9
1032 (base 5) to base 14
a2
Convert -3 (base 16) to base 11.
-3
Convert -11 (base 2) to base 8.
-3
Convert -2 (base 15) to base 7.
-2
What is -15 (base 7) in base 10?
-12
2211 (base 5) to base 13
1a7
-15 (base 6) to base 11
-10
1 (base 13) to base 6
1
Convert 3 (base 16) to base 11.
3
Convert 5 (base 7) to base 8.
5
What is 24 (base 11) in base 3?
222
-13 (base 7) to base 12
-a
What is -5 (base 10) in base 14?
-5
-2 (base 11) to base 6
-2
Convert -21102 (base 3) to base 11.
-172
What is -2000 (base 3) in base 14?
-3c
What is 241 (base 9) in base 11?
171
58 (base 12) to base 5
233
Convert -21 (base 11) to base 15.
-18
-30 (base 9) to base 4
-123
-5 (base 16) to base 9
-5
-353 (base 10) to base 7
-1013
2302 (base 5) to base 15
16c
What is -7a (base 11) in base 13?
-69
7 (base 14) to base 6
11
Convert -1214 (base 5) to base 16.
-b8
What is -1 (base 14) in base 15?
-1
What is -10 (base 5) in base 15?
-5
Convert -4 (base 5) to base 14.
-4
What is -6 (base 11) in base 16?
-6
236 (base 10) to base 12
178
What is -3c (base 15) in base 11?
-52
Convert 8 (base 12) to base 10.
8
0 (base 10) to base 9
0
-55 (base 13) to base 11
-64
Convert 6a (base 11) to base 15.
51
What is -2 (base 5) in base 6?
-2
Convert 2343 (base 5) to base 6.
1340
99 (base 14) to base 12
b3
What is -23 (base 7) in base 15?
-12
-11010000 (base 2) to base 7
-415
80 (base 14) to base 5
422
What is 220 (base 7) in base 9?
134
What is 3 (base 4) in base 3?
10
-7 (base 16) to base 9
-7
What is 0 (base 2) in base 10?
0
Convert 0 (base 5) to base 13.
0
Convert -15 (base 6) to base 15.
-b
What is 3 (base 4) in base 15?
3
Convert 39 (base 12) to base 5.
140
41 (base 14) to base 5
212
2 (base 3) to base 11
2
Convert -122 (base 6) to base 11.
-46
What is 7 (base 10) in base 4?
13
What is 100100 (base 2) in base 11?
33
What is -2 (base 6) in base 8?
-2
2202 (base 3) to base 5
244
Convert -1 (base 15) to base 8.
-1
-6e (base 16) to base 13
-86
What is -9 (base 15) in base 5?
-14
-8 (base 10) to base 14
-8
110 (base 14) to base 5
1320
-7 (base 9) to base 2
-111
Convert -2 (base 14) to base 7.
-2
What is -4 (base 13) in base 16?
-4
Convert -15 (base 9) to base 7.
-20
-6 (base 16) to base 10
-6
What is -1110001 (base 2) in base 4?
-1301
What is -2001 (base 3) in base 15?
-3a
Convert 14 (base 9) to base 13.
10
24 (base 10) to base 8
30
Convert 16 (base 15) to base 8.
25
What is 1 (base 2) in base 15?
1
Convert -2 (base 11) to base 7.
-2
ad (base 14) to base 13
ba
Convert 602 (base 7) to base 10.
296
Convert -2 (base 16) to base 8.
-2
Convert 2 (base 13) to base 7.
2
What is -a (base 16) in base 6?
-14
What is 350 (base 6) in base 10?
138
What is 1 (base 4) in base 13?
1
2021 (base 5) to base 10
261
What is -4 (base 5) in base 15?
-4
Convert 8 (base 16) to base 2.
1000
What is 2323 (base 4) in base 16?
bb
-21 (base 3) to base 15
-7
-2012 (base 3) to base 12
-4b
What is 186 (base 9) in base 16?
9f
Convert 118 (base 12) to base 9.
202
Convert 66 (base 10) to base 2.
1000010
6c (base 13) to base 16
5a
What is 131 (base 6) in base 3?
2001
Convert 0 (base 5) to base 6.
0
1220 (base 4) to base 9
125
What is -2 (base 11) in base 12?
-2
-1 (base 12) to base 4
-1
Convert 10011010 (base 2) to base 5.
1104
Convert -5 (base 15) to base 9.
-5
What is 4 (base 12) in base 4?
10
What is -1343 (base 5) in base 11?
-193
-13 (base 13) to base 12
-14
Convert -1101 (base 3) to base 5.
-122
3 (base 9) to base 3
10
Convert 10 (base 9) to base 2.
1001
Convert -163 (base 12) to base 8.
-333
Convert -101 (base 4) to base 7.
-23
Convert -16 (base 11) to base 7.
-23
What is 2 (base 15) in base 16?
2
What is 36 (base 9) in base 12?
29
Convert 21 (base 9) to base 12.
17
-12 (base 10) to base 14
-c
Convert 109 (base 10) to base 12.
91
Convert 5 (base 15) to base 2.
101
What is -3 (base 15) in base 8?
-3
Convert -22 (base 9) to base 12.
-18
Convert 1 (base 12) to base 11.
1
Convert -52 (base 13) to base 14.
-4b
What is 136 (base 8) in base 4?
1132
What is -5 (base 15) in base 9?
-5
What is -1 (base 3) in base 6?
-1
-1101 (base 3) to base 5
-122
What is 177 (base 9) in base 12?
107
What is -4 (base 9) in base 11?
-4
Convert 244 (base 5) to base 10.
74
What is -11 (base 16) in base 4?
-101
What is -102 (base 3) in base 13?
-b
-11 (base 3) to base 7
-4
-43 (base 10) to base 4
-223
What is 4 (base 15) in base 9?
4
-1020 (base 3) to base 8
-41
Convert -29 (base 14) to base 7.
-52
What is -19 (base 14) in base 8?
-27
3 (base 10) to base 3
10
What is 11 (base 2) in base 12?
3
What is -25 (base 14) in base 16?
-21
Convert -35 (base 11) to base 9.
-42
15 (base 7) to base 3
110
What is 3c (base 15) in base 9?
63
Convert 0 (base 3) to base 14.
0
23b (base 14) to base 3
121111
Convert 20 (base 16) to base 11.
2a
Convert -b (base 12) to base 7.
-14
Convert b8 (base 12) to base 5.
1030
What is -373 (base 8) in base 13?
-164
Convert -153 (base 8) to base 5.
-412
What is -10 (base 13) in base 10?
-13
Convert 22 (base 6) to base 10.
14
What is -1320 (base 4) in base 2?
-1111000
2 (base 16) to base 15
2
What is -4 (base 7) in base 15?
-4
3a (base 13) to base 14
37
-421 (base 7) to base 13
-133
What is 4 (base 13) in base 4?
10
What is 10100 (base 3) in base 14?
66
92 (base 12) to base 4
1232
Convert -110 (base 10) to base 6.
-302
Convert 13 (base 7) to base 12.
a
Convert -197 (base 10) to base 16.
-c5
What is 223 (base 5) in base 2?
111111
23 (base 14) to base 10
31
10100 (base 2) to base 15
15
-1 (base 13) to base 5
-1
What is -a7 (base 12) in base 9?
-151
-6 (base 7) to base 4
-12
106 (base 9) to base 3
10020
What is 19 (base 12) in base 9?
23
What is -29 (base 16) in base 5?
-131
What is -303 (base 8) in base 10?
-195
Convert -12 (base 8) to base 4.
-22
Convert 101000 (base 2) to base 8.
50
Convert 0 (base 13) to base 7.
0
16 (base 8) to base 4
32
What is 10 (base 4) in base 15?
4
11 (base 2) to base 5
3
-38 (base 10) to base 14
-2a
2 (base 3) to base 8
2
Convert -2a (base 11) to base 10.
-32
-2 (base 15) to base 11
-2
37 (base 10) to base 12
31
Convert 0 (base 6) to base 7.
0
Convert 3 (base 7) to base 14.
3
-5 (base 7) to base 15
-5
44 (base 11) to base 5
143
105 (base 10) to base 2
1101001
What is 10 (base 4) in base 2?
100
-31 (base 8) to base 13
-1c
What is 10 (base 4) in base 9?
4
-7 (base 11) to base 15
-7
What is 2201 (base 3) in base 14?
53
Convert 1 (base 10) to base 5.
1
Convert -3 (base 12) to base 5.
-3
-a3 (base 14) to base 4
-2033
-22201 (base 3) to base 12
-177
Convert -e (base 15) to base 11.
-13
Convert 0 (base 9) to base 15.
0
What is -43 (base 6) in base 3?
-1000
What is 20 (base 8) in base 10?
16
Convert -13 (base 15) to base 16.
-12
-21 (base 6) to base 5
-23
What is -24 (base 9) in base 12?
-1a
Convert 11110 (base 2) to base 16.
1e
17 (base 11) to base 6
30
6 (base 8) to base 11
6
What is 123 (base 12) in base 10?
171
Convert 0 (base 4) to base 5.
0
What is -23 (base 5) in base 6?
-21
-24 (base 11) to base 8
-32
What is -14 (base 10) in base 3?
-112
Convert -107 (base 8) to base 5.
-241
What is -21 (base 5) in base 3?
-102
Convert 95 (base 10) to base 8.
137
What is 1 (base 14) in base 10?
1
What is 1100011 (base 2) in base 7?
201
2100 (base 3) to base 6
143
Convert -1 (base 11) to base 9.
-1
What is -d7 (base 14) in base 5?
-1224
Convert 4 (base 6) to base 12.
4
Convert 44 (base 15) to base 5.
224
What is -209 (base 14) in base 15?
-1bb
Convert -5 (base 14) to base 3.
-12
-1 (base 8) to base 10
-1
Convert -21 (base 8) to base 10.
-17
30 (base 11) to base 2
100001
What is 1b1 (base 12) in base 5?
2102
Convert -7 (base 15) to base 16.
-7
What is 3 (base 6) in base 12?
3
Convert 10 (base 9) to base 3.
100
What is -a3 (base 15) in base 12?
-109
Convert a2 (base 14) to base 6.
354
Convert 25 (base 6) to base 10.
17
What is 18 (base 13) in base 14?
17
Convert -23 (base 9) to base 4.
-111
-9 (base 10) to base 16
-9
-2 (base 13) to base 16
-2
-1010 (base 2) to base 8
-12
102 (base 3) to base 9
12
7 (base 16) to base 6
11
5 (base 14) to base 4
11
Convert 5 (base 11) to base 12.
5
What is -232 (base 6) in base 15?
-62
-103 (base 4) to base 11
-18
231 (base 5) to base 9
73
Convert -100 (base 3) to base 6.
-13
What is 20 (base 3